99 is divided by 184.
179
Calculate the remainder when 5713 is divided by 106.
95
Calculate the remainder when 1497758 is divided by 220.
218
What is the remainder when 7627 is divided by 13?
9
What is the remainder when 22090 is divided by 16?
10
What is the remainder when 1314 is divided by 86?
24
Calculate the remainder when 1396 is divided by 311.
152
What is the remainder when 43603 is divided by 1406?
17
What is the remainder when 85168 is divided by 473?
28
What is the remainder when 98320 is divided by 31?
19
What is the remainder when 991 is divided by 286?
133
What is the remainder when 61681 is divided by 67?
41
What is the remainder when 3077 is divided by 524?
457
Calculate the remainder when 116879 is divided by 9.
5
Calculate the remainder when 2523 is divided by 21.
3
Calculate the remainder when 36354 is divided by 50.
4
Calculate the remainder when 1158373 is divided by 232.
229
What is the remainder when 227 is divided by 150?
77
Calculate the remainder when 1346 is divided by 987.
359
Calculate the remainder when 56467 is divided by 11290.
17
Calculate the remainder when 3603598 is divided by 180.
178
What is the remainder when 105531 is divided by 82?
79
What is the remainder when 11113 is divided by 137?
16
Calculate the remainder when 1501159 is divided by 375287.
11
Calculate the remainder when 4481 is divided by 69.
65
What is the remainder when 1597 is divided by 1363?
234
Calculate the remainder when 419482 is divided by 209740.
2
What is the remainder when 23192 is divided by 11587?
18
What is the remainder when 1400 is divided by 778?
622
Calculate the remainder when 2648 is divided by 21.
2
What is the remainder when 1619207 is divided by 368?
7
Calculate the remainder when 26176 is divided by 17.
13
What is the remainder when 18572 is divided by 19?
9
Calculate the remainder when 420976 is divided by 15.
1
Calculate the remainder when 160642 is divided by 962.
950
What is the remainder when 2209 is divided by 404?
189
What is the remainder when 478678 is divided by 434?
410
Calculate the remainder when 174116 is divided by 17410.
16
Calculate the remainder when 1477342 is divided by 528.
526
What is the remainder when 36557 is divided by 4568?
13
What is the remainder when 6741 is divided by 1148?
1001
What is the remainder when 31731 is divided by 82?
79
Calculate the remainder when 28286 is divided by 216.
206
What is the remainder when 43244 is divided by 1?
0
What is the remainder when 4925 is divided by 57?
23
What is the remainder when 30584 is divided by 351?
47
Calculate the remainder when 28301 is divided by 4.
1
What is the remainder when 9938 is divided by 319?
49
What is the remainder when 5484 is divided by 220?
204
What is the remainder when 46841 is divided by 107?
82
Calculate the remainder when 23087 is divided by 502.
497
Calculate the remainder when 1349 is divided by 226.
219
What is the remainder when 85300 is divided by 55?
50
What is the remainder when 9856 is divided by 1396?
84
What is the remainder when 2383 is divided by 349?
289
What is the remainder when 18025 is divided by 36?
25
What is the remainder when 65978 is divided by 840?
458
What is the remainder when 15654 is divided by 261?
255
What is the remainder when 5466751 is divided by 9?
7
Calculate the remainder when 9457 is divided by 387.
169
What is the remainder when 3513 is divided by 14?
13
Calculate the remainder when 233236 is divided by 42.
10
What is the remainder when 1220655 is divided by 368?
367
Calculate the remainder when 109995 is divided by 440.
435
Calculate the remainder when 407057 is divided by 101762.
9
Calculate the remainder when 4550 is divided by 23.
19
What is the remainder when 69 is divided by 8?
5
Calculate the remainder when 730855 is divided by 217.
216
Calculate the remainder when 880 is divided by 803.
77
What is the remainder when 224279 is divided by 74749?
32
Calculate the remainder when 6630 is divided by 964.
846
Calculate the remainder when 326 is divided by 311.
15
Calculate the remainder when 17290 is divided by 210.
70
Calculate the remainder when 2321 is divided by 182.
137
Calculate the remainder when 2380 is divided by 279.
148
What is the remainder when 1360 is divided by 143?
73
Calculate the remainder when 18743 is divided by 769.
287
What is the remainder when 13241 is divided by 736?
729
Calculate the remainder when 717 is divided by 32.
13
Calculate the remainder when 52821 is divided by 1354.
15
Calculate the remainder when 4805 is divided by 8.
5
What is the remainder when 12698 is divided by 836?
158
What is the remainder when 12221 is divided by 111?
11
What is the remainder when 606324 is divided by 161?
159
Calculate the remainder when 9002 is divided by 106.
98
Calculate the remainder when 145915 is divided by 32.
27
Calculate the remainder when 10461 is divided by 101.
58
Calculate the remainder when 52154 is divided by 7.
4
What is the remainder when 12990 is divided by 11?
10
What is the remainder when 5805 is divided by 366?
315
What is the remainder when 3146 is divided by 83?
75
Calculate the remainder when 355670 is divided by 102.
98
What is the remainder when 1351 is divided by 143?
64
Calculate the remainder when 12678 is divided by 1620.
1338
Calculate the remainder when 463186 is divided by 182.
178
What is the remainder when 918 is divided by 182?
8
Calculate the remainder when 18426 is divided by 361.
15
What is the remainder when 2943 is divided by 731?
19
Calculate the remainder when 34418 is divided by 499.
486
Calculate the remainder when 8967 is divided by 8966.
1
Calculate the remainder when 1283449 is divided by 350.
349
What is the remainder when 9386 is divided by 1573?
1521
What is the remainder when 57096 is divided by 1841?
25
What is the remainder when 1895 is divided by 1420?
475
Calculate the remainder when 1423 is divided by 38.
17
Calculate the remainder when 745 is divided by 728.
17
Calculate the remainder when 989734 is divided by 1012.
1010
What is the remainder when 4022 is divided by 935?
282
What is the remainder when 7154 is divided by 40?
34
What is the remainder when 636143 is divided by 87?
86
Calculate the remainder when 9915 is divided by 83.
38
What is the remainder when 9119 is divided by 2248?
127
What is the remainder when 1884413 is divided by 65?
63
What is the remainder when 21576 is divided by 1095?
771
What is the remainder when 5696 is divided by 139?
136
What is the remainder when 8355 is divided by 642?
9
Calculate the remainder when 331 is divided by 4.
3
Calculate the remainder when 1717145 is divided by 1976.
1
Calculate the remainder when 10216 is divided by 543.
442
Calculate the remainder when 5036 is divided by 2513.
10
What is the remainder when 3863550 is divided by 448?
446
What is the remainder when 10336 is divided by 98?
46
Calculate the remainder when 36312 is divided by 1646.
100
Calculate the remainder when 2726 is divided by 99.
53
Calculate the remainder when 93052 is divided by 23256.
28
What is the remainder when 3020 is divided by 234?
212
Calculate the remainder when 55330 is divided by 838.
22
What is the remainder when 536959 is divided by 20?
19
Calculate the remainder when 62246 is divided by 20721.
83
Calculate the remainder when 2968 is divided by 100.
68
What is the remainder when 5460 is divided by 364?
0
Calculate the remainder when 62285 is divided by 250.
35
Calculate the remainder when 526 is divided by 137.
115
What is the remainder when 3141 is divided by 24?
21
Calculate the remainder when 3635 is divided by 142.
85
Calculate the remainder when 4985 is divided by 82.
65
What is the remainder when 3168 is divided by 137?
17
Calculate the remainder when 4088 is divided by 780.
188
Calculate the remainder when 7685 is divided by 2183.
1136
Calculate the remainder when 1102 is divided by 41.
36
Calculate the remainder when 22272 is divided by 794.
40
Calculate the remainder when 13138 is divided by 1639.
26
Calculate the remainder when 791114 is divided by 290.
284
Calculate the remainder when 208600 is divided by 32.
24
What is the remainder when 1277313 is divided by 255461?
8
What is the remainder when 1239 is divided by 123?
9
Calculate the remainder when 603 is divided by 5